i = 12. Suppose -i = -0*z - 3*z. What is the units digit of m(z)?
9
Let f(h) = -h**3 + 9*h**2 - 4*h - 11. Let r be f(8). Let b be 722/6 + (-28)/r. Suppose l + 413 = 2*o, -l + 324 = o + b. What is the tens digit of o?
0
Let z(f) = -f**2 - f + 1. Let b be z(3). Let w be b + 4 + 4 + 53. Let o = -20 + w. What is the tens digit of o?
3
Suppose -x + 888 = 7*x. Let g = 115 - x. Suppose 5*s + 2*y - 160 = -0*y, -4*y = -g*s + 128. What is the units digit of s?
2
Let p = 2177 - -3193. What is the units digit of (-1)/((-3)/(p/7165) + 4)?
8
Let k be ((-12)/16 + -3)/(3/952). Let y = -683 - k. Suppose -27*t - y = -30*t. What is the tens digit of t?
6
Suppose 10*x - 8*x + 16 = 0. Let s be (x/(-10))/(4/10). What is the units digit of s*82/2 - 3?
9
Suppose -5*b - 2343 = -4*r - 907, 2*b = 3*r - 1077. What is the hundreds digit of r?
3
Suppose -51*o + 22 = -50*o. Suppose 12*t - o = 10*t. What is the units digit of -3 + 4/4 + t?
9
Let h = 23189 + -13639. What is the thousands digit of h?
9
Let a(o) be the first derivative of -o**2 - 24*o - 27 + 5/3*o**3. What is the units digit of a(6)?
4
Suppose 21*y - 13552 = -4*p + 25*y, 0 = 5*p + 3*y - 16916. What is the tens digit of p?
8
Let b(l) = -178*l - 154. What is the units digit of b(-9)?
8
Let x(p) = -47*p + 1365. What is the thousands digit of x(-42)?
3
Suppose d = 3*o, 6*d - 2*o = 8*d. Suppose d = 3*i - 38 - 97. What is the tens digit of i?
4
Let w = 498 - -603. Let x = -616 + w. What is the units digit of x?
5
Let o(a) = 124*a**2 - 4724*a - 18. What is the tens digit of o(46)?
6
Suppose -5*n - 4*o + 3675 = -9*o, 3*n - 2200 = 2*o. Suppose -581 = -r - h + n, 2*r + 5*h = 2616. What is the thousands digit of r?
1
Let z(m) = 6*m**2 + m + 3. Let t(l) = l - 5. Let f be t(7). Suppose 3*c - 3 = 3*h, -5*c + f*h - 1 = 3. What is the tens digit of z(c)?
2
Suppose 2*c = -6, 3*j - 6*j - 5*c = -30. Suppose -j*g + 16*g + 3*a - 135 = 0, -3*g + 3*a = -453. What is the tens digit of g?
4
Suppose 6 = x + 7. What is the tens digit of (5 - (x - 24)) + -5?
2
Suppose 2*n = -5*y + 95725, -613*y + 611*y + 2 = 0. What is the thousands digit of n?
7
What is the units digit of 19902/4 - (-30)/60?
6
Let o = 66 - 64. Suppose o + 0 = 2*s. What is the units digit of 254 + -10 + (s - -1)?
6
Suppose -18*s + 22*s + 17*d - 24566 = 0, d + 18397 = 3*s. What is the tens digit of s?
3
Let l(k) = -6*k + 22. Let p be l(4). Let m be (1/(-3))/(p/30). Suppose x = -2*i + m*x + 184, -5*i + 432 = 4*x. What is the units digit of i?
8
Suppose -9*d = 122 - 689. Suppose 415 = 5*s - 5*g, 3*s - d = -g + 174. What is the units digit of s?
0
Let j = 39989 + -27467. What is the thousands digit of j?
2
Let g = 131 + -129. Suppose -g*d = 5*j - 609, 2*j - 117 = j - 2*d. What is the hundreds digit of j?
1
Let g be 28/(-7) - (3 - -23). What is the units digit of (-5)/g*6*781?
1
Suppose -40*g + 479544 + 199336 = 0. What is the tens digit of g?
7
Let k(z) = 4*z. Let p(c) = 17*c. Let t(a) = -26*k(a) + 6*p(a). Let b be t(2). What is the tens digit of (-1694)/(-88) + 1/b?
1
Let m = -17 + 3. Let i(d) = d**2 - 11*d + 11. Let v be i(m). Suppose 0 = 3*p - v - 5. What is the tens digit of p?
2
What is the thousands digit of 2/6*(61166 - -202)?
0
Let d(s) = -s**3 + 21*s**2 + 24*s - 26. Let z be d(22). Suppose z*r = 361 + 2015. What is the hundreds digit of r?
1
Let l(r) = -459*r**3 + 4*r**2 - 4*r + 1. Let g be l(1). Let n = g + 951. What is the hundreds digit of n?
4
Suppose 3*h - z = z + 185, -3*h = 5*z - 157. Let g = 41 - 36. Suppose p - g*f - h = 1, -4*f = -p + 64. What is the units digit of p?
0
Suppose -495 = -8*s - 25*s. What is the hundreds digit of 15/(-9) + 11500/s + 6?
7
What is the units digit of (1 + (32 - 31))/(4/66882)?
1
Let d = 1765 + 2821. What is the tens digit of d?
8
Suppose -3*s = -2*c + 58222, -3*s - 3 = -15. What is the units digit of c?
7
Let p(k) = 6*k - 15. Let m(j) = -19*j + 44. Let w(v) = -2*m(v) - 7*p(v). Let d be (72 + -66)*2/8*-4. What is the units digit of w(d)?
1
Let n(c) = 327*c**2 + 229*c + 924. What is the hundreds digit of n(-4)?
2
Suppose 0 = 9*i + 395 - 5012. Suppose 175 = 2*p - i. What is the hundreds digit of p?
3
Let o(x) = 2*x - x + 4 + 2*x + 15. Let n be o(-18). What is the tens digit of (n + 8)/(3/(-8))?
7
Suppose l - 2*n = -1, -2*l + 4 = -4*n + 2*n. Suppose -l*k = -14 - 6. Suppose k*g - 198 = g. What is the tens digit of g?
6
Suppose 5*v - v + 20 = 0, -2*v - 62 = -2*z. Suppose 0 = 4*s + 14 - z. Let u = 59 - s. What is the units digit of u?
6
Suppose u = d + 61, u - 136 = -u - 5*d. Let y = u - -107. Suppose -4*i + y = 2*n - i, 0 = 3*n - 5*i - 274. What is the units digit of n?
8
Let a(c) = -2*c**3 + 22*c**2 + 3*c - 20. Let u be a(11). Suppose -r + 19 = -v, -130 = -5*r + v - 55. Let k = r - u. What is the units digit of k?
1
Suppose 938 = 3*t - 5*i, -3*i + 638 = 5*t - 3*t. Let r be (10 + -8)*(-10 + 8). What is the units digit of r/(-20) - (t/(-20) - 1)?
7
Let u = -138804 - -213026. What is the hundreds digit of u?
2
Let i(c) = 2*c**2 - 1044. What is the thousands digit of i(67)?
7
Suppose 0 = 11*z - 55*z + 1061984. What is the ten thousands digit of z?
2
Suppose 0 = 4*v - 3*d - 16466, -d = -3*v + 17233 - 4886. Suppose 15*r - v = 10*r. What is the tens digit of r?
2
Let i be ((-528)/8 + -5 + 0)*-2. Suppose 4*g + 107 = -109. Let v = g + i. What is the units digit of v?
8
Let c be (12/(-7))/(11/(-1001)). Suppose d + 28 = c. What is the hundreds digit of d?
1
Suppose -2*x = -63 - 25. Let f be (-6)/(-8) - (-15147)/x. Suppose 10*t = 5*t + f. What is the tens digit of t?
6
Let i be ((-6)/(-8) - -1)/(1/48). Let j = -132 + i. Let r = -33 - j. What is the units digit of r?
5
Let k(q) = 2*q**2 - 34*q + 30. Let o be k(15). Let m(g) = g**2 + 23*g + 20. What is the hundreds digit of m(o)?
2
Suppose -273612 = 35*x - 724482. What is the ten thousands digit of x?
1
Suppose -5*d - 603*j + 606*j = -292435, 0 = j. What is the ten thousands digit of d?
5
What is the units digit of 381/(8833/(-737) - -12)?
7
Let u = 85909 + -41639. What is the ten thousands digit of u?
4
Suppose -50 = -4*u - 6*u. Suppose -u*w - 257 = -817. What is the tens digit of w?
1
Suppose 4*p - 6968 = -4*l, -2*p - 2*l - 6974 = -6*p. Suppose -5*s = 20, -7*s = -3*u - 4*s + p. What is the units digit of u?
7
What is the ten thousands digit of (797643/33)/((-3)/(-2))?
1
Let f = -5 + 4. Let o be ((-36)/4)/(-3) + (-6 - 0). Let m = f - o. What is the units digit of m?
2
Suppose -2*v = -2*u - 9718, 3*u - 4237 = -v + 622. What is the hundreds digit of v?
8
Let q(u) = -u**3 + 2*u**2 + 11*u + 6. Let t be q(-10). Suppose -3*g + 824 = -o - o, -4*g + 2*o + t = 0. Let w = -131 + g. What is the units digit of w?
1
Let i be 100/36 - 5/((-135)/6). Suppose -4*l - i = -3*s, -5*l + 15 + 15 = 3*s. Suppose -1 = -l*z + 17. What is the units digit of z?
6
Let a(w) = w**2 + 6*w + 24. Suppose 9*q + 30 = 6*q. What is the units digit of a(q)?
4
Suppose 29*j = 26*j + 2*f + 109572, -j = -2*f - 36524. What is the hundreds digit of j?
5
Let y(k) = -k**3 + 7*k**2 + 8*k + 19. Let r be y(8). Suppose 794 - 23062 = -r*m. What is the thousands digit of m?
1
Suppose 0*y - 34390 = -3*y - 2*w, -2*y = 2*w - 22926. What is the thousands digit of y?
1
Let d be (-5)/(-60)*123*8524. Suppose 62*w - d = -17373. What is the thousands digit of w?
1
Suppose 2*k + 6 = 2*a - 12, -4*a - 2*k = -30. What is the units digit of 116/2 - (-4 + a)?
4
Let d be (-750)/(-80) - (-15)/(-40). Suppose k = -3*u + 1483, d*k - 5*u = 11*k - 2969. What is the hundreds digit of k?
4
Suppose 4*o - 8614 = 36418. What is the ten thousands digit of o?
1
Let r(c) = -1326*c - 210. What is the tens digit of r(-5)?
2
Let v = -2426 - -2438. Let z(c) = 5*c**2 - 9*c - 3*c**2 - 2*c - 12. What is the tens digit of z(v)?
4
Suppose 265 = -26*s + 17009. What is the units digit of (57/12)/(((-91)/s)/(-13))?
7
Let o be 6/(-36)*-608*(-18)/(-8). Suppose -o = 444*g - 448*g. What is the units digit of g?
7
Let c = -7 + 2. Let r(s) = 7 + 7*s - 2*s**2 + 4*s**2 - 3*s + 6*s - 2*s. What is the tens digit of r(c)?
1
Suppose 31584 = 4*h + 2*u, -5*u + 11029 = 3*h - 12673. What is the units digit of h?
4
Suppose -6*r - 394 - 434 = 0. Let i = r - -509. What is the units digit of i?
1
Let o = -42 - -59. Let h = 14 - o. What is the units digit of (-2)/1 - (h - 45)?
6
Suppose -366 = -26*f + 1480